375
Let u(c) = 2*c**3 + 16*c**2 - 23*c - 10. Let s be u(-9). Suppose 0 = -b + 6. Let g(y) = 2*y - 5. Let h be g(b). Calculate the highest common divisor of s and h.
7
Let p(f) = -5*f**3 + 4*f**2 - 16*f - 70. Let c be p(-6). Calculate the greatest common factor of c and 2.
2
Let x(u) = u**2 + 5*u**2 - 4*u - u - u**2. Let p be ((-1)/(-2))/(11/66). Let l be x(p). Calculate the highest common divisor of 12 and l.
6
Let f = -413 - -662. Suppose -q = 4*v - v - f, -3*q - 4*v = -762. What is the greatest common factor of 6 and q?
6
Suppose 0 = -19*t + 704 + 208. Calculate the highest common factor of 348 and t.
12
Suppose -49*o = -165*o + 209612. Calculate the highest common divisor of o and 65.
13
Suppose -6667 - 9882 = -12*s + 46367. Calculate the greatest common factor of s and 147.
49
Let l = -223 + 227. Let v(i) = -i**2 + 15*i - 14. Let s be v(l). Suppose h = 4*h - 4*y - 28, 0 = -3*h + 5*y + 26. What is the highest common factor of s and h?
6
Let j = -7011 + 7391. What is the highest common factor of j and 912?
76
Suppose 0 = -d + 5*n + 143, 0 = -3*d + 5*d - 5*n - 276. Let g = 42 - d. Let r = g + 155. Calculate the greatest common factor of 96 and r.
32
Suppose -3*q = 4*l - 38, q = -4*l + 3*l + 15. Suppose 4*n - 4*k - 1512 = 0, 3*n - 4*k - 1138 = -0*k. Calculate the greatest common factor of q and n.
22
Suppose 85 = -77*o + 4012. Suppose 4*x = 2*x + l + 166, 4*x - 328 = 3*l. Calculate the highest common factor of x and o.
17
Suppose 163*z - 53933 = 127*z + 6979. Calculate the greatest common divisor of 940 and z.
188
Let p = 13347 - 13173. Calculate the highest common divisor of 258 and p.
6
Let u be 16/16 - (0 + 78)/(-2). Let y be ((-138)/(-8))/((-15)/(-20)). Let z be 12/30 + y/5. Calculate the highest common factor of u and z.
5
Let m(k) = 8*k + 94. Let x be m(-10). Let i be ((-21)/x)/((-9)/264). What is the highest common divisor of i and 66?
22
Let r(k) = 434*k**2 - 7*k + 2. Let u be r(-2). Let m = u - 1176. What is the greatest common divisor of m and 12?
12
Suppose -8*y + 621 + 99 = 0. Let u = y + -26. Suppose 4*b = -4*o + u, -4*o + 5*b - 14 = -3*o. What is the greatest common factor of o and 121?
11
Suppose 13686 = -26*r - 7166. Let n = 803 + r. Calculate the highest common factor of n and 2.
1
Let f be 4/6 - 8/12. Let y be 33 - f - (0 + 1). Suppose -9*g - 3*g = -96. Calculate the highest common factor of g and y.
8
Suppose -5*u = -144 - 1. Let r(o) = 22*o**2 - 10*o + 6. Let f = -191 + 194. Let p be r(f). What is the highest common factor of u and p?
29
Let y = 50 - 18. Suppose -798 - 354 = -12*h. Calculate the greatest common divisor of h and y.
32
Let v be 12/(-8)*(0 - 8/(-6)). Let j be (-368)/(-88) - v*2/(-22). Suppose -j*o = -5*h + 49, 5 = -4*o - o. Calculate the greatest common factor of 6 and h.
3
Suppose 136 = 4*c - 2*m, 0*c + c = 5*m + 43. Suppose 48*r - 72*r = -15048. What is the greatest common factor of r and c?
33
Suppose 2*t - 6*b - 156 = 0, 3*t - 108 + 6 = -2*b. Suppose -x - 3 = 1, 4*a - 232 = -5*x. What is the highest common factor of t and a?
21
Suppose -5*f = -2*d - 0 - 1, 5*f + d = 7. Let x be ((-6732)/66)/(f/(1/(-2))). What is the greatest common factor of 9 and x?
3
Suppose 19*n - 2160 = 13*n. Suppose -3*u - 5*g = -36, -5*g = -2*u - 9*g + 24. What is the highest common factor of n and u?
12
Let w(n) = 4*n**2 + 18*n - 40. Let z be w(5). What is the greatest common divisor of 8450 and z?
50
Let t(d) = -d**3 - 37*d**2 - 35*d + 38. Let p be t(-36). Suppose -p*h + 8*n + 738 = 11*n, 0 = -5*n. Calculate the highest common factor of 9 and h.
9
Suppose -6 = -q + 2*z + 3*z, -5*z + 78 = 3*q. Let i = -668 - -682. Calculate the highest common divisor of q and i.
7
Let x = -630 + 1395. Suppose 3*l - x = 477. Calculate the highest common factor of l and 92.
46
Let l = -12533 - -7357. Let w be (-18)/(-81) + l/(-36). Calculate the highest common divisor of 16 and w.
16
Let y be (-12)/18 - (-8472)/72. What is the highest common divisor of y and 33?
3
Let z(l) = -l**3 - l**2 + 5*l + 48. Let s be z(3). What is the greatest common factor of s and 3177?
9
Suppose 2*s = -2*c + 60, 5*c - 7 = -32. Suppose 8*i = 163 - s. Calculate the greatest common divisor of i and 128.
16
Let z(v) = -11*v + 0 + 33 + v**2 + 21 - 6*v. Let x be z(15). Let w be (x/2)/((-3)/(-2)). What is the greatest common factor of w and 64?
8
Let b = -4 + -25. Let a = 38 + b. Let z be 4 - (-2319)/a - (-8)/(-12). Calculate the greatest common factor of z and 29.
29
Suppose -5*a - 4*h - 26 + 50 = 0, -12 = -2*a - 4*h. Let p be (-17)/(17/a) + 6. Calculate the greatest common divisor of 45 and p.
1
Suppose -79608 = -17*j + 2*j - 79083. Let k be (-2)/2*(-35 + 0). Calculate the greatest common factor of k and j.
35
Suppose -88 = -8*f - 14*f. Suppose 4*j - 56 = g + 132, -j + 62 = -f*g. What is the highest common divisor of 207 and j?
23
Suppose 3*x = n + 30450, -3*x + 41151 - 10719 = 5*n. What is the greatest common factor of 102 and x?
51
Let i be ((-924)/(-18))/(2/(-3)). Let y(d) = -d**2 + 2*d - 6. Let o be y(4). Let t be (-1947)/i - (-4)/o. Calculate the highest common divisor of 10 and t.
5
Let j(v) = -55*v + 130. Let w be j(2). Suppose 3*y + y = 32. Suppose 4*m = -5*p + 52, -4*m = -4 - y. What is the greatest common divisor of p and w?
4
Suppose -55*s + 58444 + 43079 = 21003. Calculate the greatest common divisor of 122 and s.
122
Suppose -13*o + 573 - 56 - 75 = 0. What is the greatest common divisor of o and 30?
2
Let k = -42 - -45. Suppose -k*q = 2*q - 900. Let m = q + -100. What is the greatest common factor of m and 32?
16
Let x(l) = l**3 + 12*l**2 + 24. Suppose 6*t + 88 = 16. Let c be x(t). What is the greatest common divisor of 88 and c?
8
Let g be (-7 - -6)/((-3)/3213). Let l = g - 982. What is the highest common divisor of l and 979?
89
Suppose -d = 2*w - 2983, 3*d - 506*w + 501*w = 8905. Calculate the greatest common factor of d and 255.
85
Let t(q) = 88*q - 311. Let o be t(6). Let w be (-1)/(-2) + (-244)/(-8). Calculate the highest common divisor of o and w.
31
Let o = -647 - -306. Let a = 347 + o. Calculate the greatest common divisor of a and 138.
6
Suppose -1958 = m - 3*y, 0 = -9*m + 6*m + 5*y - 5882. Let g = 2891 + m. What is the highest common factor of g and 9?
9
Let a = -40 - -59. Let i = 3 + a. Suppose -5*u = 5*j - 150, -4*j - 147 = -8*j + 5*u. What is the highest common factor of j and i?
11
Let q = 1291 + -1187. Calculate the highest common divisor of q and 286.
26
Let t be (0 - -1)*(-7 + (-5 - -8)). Let z be (2 - 196/t) + 1. What is the highest common divisor of z and 299?
13
Suppose 3*y - 42*s + 40*s = 366, -2*y - 4*s + 276 = 0. What is the greatest common factor of 602 and y?
14
Let i be 49/(-7) + (-1 + 2 - -14). Let j(f) = f**2 + 8*f + 6. Let c be j(-7). Let b be (-2)/((3 + c)/(-56)). What is the greatest common divisor of b and i?
8
Suppose 4 = -r, 6*r - 18 = -2*n + 9*r. Suppose -132 = n*a - 159. Let p be (6/2)/(1/2). What is the greatest common factor of a and p?
3
Suppose -131 - 45 = -x. Let l = -68 - -67. Let w be -4 - (-4 - l - 17). What is the highest common divisor of w and x?
16
Suppose -i + 3*z = 4, 3*i - z + 0 = 4. Suppose 0 = 2*q - 2 - i. Let n be ((-44)/(-12))/(q/60). Calculate the highest common divisor of n and 10.
10
Suppose 1188*a - 85 + 225 = 1193*a. Calculate the highest common divisor of a and 8.
4
Let j = -1901 + 1903. What is the highest common divisor of 343 and j?
1
Let i = 251 + -204. Suppose -4*r - 156 = -4*m, 0 = -m + 2*r - 11 + i. What is the greatest common divisor of 35 and m?
7
Let t(w) = 103*w**2 - 2*w + 828. Let h be t(0). What is the greatest common factor of h and 252?
36
Let r be 3 - -4 - (8 - (1297 - 8)). What is the highest common divisor of 280 and r?
56
Let i = -332 + 31. Let w = -273 - i. What is the highest common divisor of w and 196?
28
Let y(v) be the second derivative of -v**5/10 + 19*v**4/12 - 3*v**3/2 + 9*v**2 - 13*v - 1. Let j be y(9). What is the highest common factor of 540 and j?
18
Suppose 2*o + 3*k = -88, -3*k - k = -o - 55. Let j = o - -52. Suppose -j*n = 1 - 36. What is the highest common factor of 161 and n?
7
Let i(j) = j**2 - 3*j + 5. Let z be i(4). Suppose 0 = -37*x - 24*x + 42 + 19. What is the highest common factor of x and z?
1
Suppose -2*f + 2*u + 85 = -3*u, 0 = f + u - 39. Let x be 3/10 -